 multiple of 2?
True
Does 4 divide 176?
True
Does 33 divide 3471?
False
Does 11 divide 7051?
True
Is 1326 a multiple of 147?
False
Does 15 divide 534?
False
Does 106 divide 30820?
False
Is 992 a multiple of 4?
True
Is 53 a factor of 1884?
False
Is 110 a factor of 10340?
True
Is 150 a factor of 28838?
False
Is 3672 a multiple of 9?
True
Is 23 a factor of 6256?
True
Does 45 divide 460?
False
Does 6 divide 414?
True
Is 1291 a multiple of 5?
False
Is 480 a multiple of 48?
True
Does 12 divide 821?
False
Is 21 a factor of 1764?
True
Is 429 a multiple of 58?
False
Is 21 a factor of 1449?
True
Is 10 a factor of 660?
True
Is 70 a factor of 27790?
True
Does 5 divide 8123?
False
Is 48 a factor of 522?
False
Is 84 a factor of 924?
True
Is 91 a multiple of 7?
True
Is 31940 a multiple of 20?
True
Does 13 divide 8685?
False
Is 64 a factor of 2443?
False
Is 60 a multiple of 4?
True
Is 941 a multiple of 37?
False
Does 8 divide 1042?
False
Is 729 a multiple of 5?
False
Is 15 a factor of 10070?
False
Is 85036 a multiple of 21?
False
Is 28 a factor of 1842?
False
Does 4 divide 44?
True
Is 14 a factor of 728?
True
Does 73 divide 10731?
True
Does 41 divide 1684?
False
Is 19 a factor of 1694?
False
Does 132 divide 63492?
True
Does 24 divide 13673?
False
Does 94 divide 10160?
False
Is 1139 a multiple of 48?
False
Is 51 a factor of 1126?
False
Is 7 a factor of 7168?
True
Is 9512 a multiple of 164?
True
Does 69 divide 22434?
False
Does 104 divide 6968?
True
Does 62 divide 7747?
False
Is 30 a factor of 1470?
True
Is 153 a multiple of 26?
False
Does 34 divide 1799?
False
Does 7 divide 1311?
False
Does 4 divide 1497?
False
Is 17892 a multiple of 84?
True
Does 21 divide 1453?
False
Is 4095 a multiple of 22?
False
Is 71 a multiple of 41?
False
Is 2342 a multiple of 32?
False
Is 28 a factor of 560?
True
Is 19690 a multiple of 110?
True
Does 91 divide 15743?
True
Is 1003 a multiple of 59?
True
Does 12 divide 1019?
False
Does 20 divide 200?
True
Does 133 divide 30723?
True
Is 3665 a multiple of 27?
False
Is 1053 a multiple of 23?
False
Does 166 divide 2473?
False
Is 221 a multiple of 64?
False
Does 11 divide 5918?
True
Does 23 divide 1012?
True
Is 1430 a multiple of 26?
True
Is 5 a factor of 10229?
False
Is 62 a factor of 744?
True
Is 100 a factor of 130?
False
Is 21152 a multiple of 16?
True
Does 29 divide 34336?
True
Is 6 a factor of 456?
True
Does 16 divide 5712?
True
Is 4731 a multiple of 24?
False
Does 7 divide 35?
True
Is 17886 a multiple of 267?
False
Does 68 divide 408?
True
Does 18 divide 2520?
True
Is 18 a factor of 83141?
False
Does 135 divide 18364?
False
Does 29 divide 986?
True
Does 7 divide 21203?
True
Is 15844 a multiple of 8?
False
Is 2490 a multiple of 10?
True
Does 11 divide 90?
False
Does 12 divide 1056?
True
Is 10 a factor of 21311?
False
Is 12 a factor of 2832?
True
Does 18 divide 382?
False
Is 3 a factor of 856?
False
Is 25 a factor of 2674?
False
Does 46 divide 895?
False
Is 49 a factor of 18130?
True
Does 279 divide 50778?
True
Does 13 divide 416?
True
Is 36 a factor of 2196?
True
Is 20 a factor of 2068?
False
Is 29 a factor of 493?
True
Is 10078 a multiple of 33?
False
Is 10 a factor of 16424?
False
Is 27 a factor of 945?
True
Is 61 a factor of 6405?
True
Does 75 divide 32160?
False
Is 162 a factor of 5508?
True
Does 28 divide 112?
True
Does 166 divide 91186?
False
Is 87 a factor of 696?
True
Does 41 divide 2378?
True
Does 170 divide 6228?
False
Does 17 divide 3315?
True
Is 90 a multiple of 10?
True
Is 8036 a multiple of 28?
True
Is 26 a factor of 2964?
True
Is 57 a factor of 39389?
False
Is 10 a factor of 240?
True
Is 4 a factor of 12662?
False
Does 20 divide 55?
False
Is 32 a factor of 12448?
True
Is 10458 a multiple of 14?
True
Is 450 a multiple of 10?
True
Does 27 divide 486?
True
Does 3 divide 111?
True
Is 48 a factor of 4550?
False
Is 140 a multiple of 20?
True
Is 59069 a multiple of 6?
False
Is 226 a multiple of 2?
True
Does 266 divide 54339?
False
Is 82012 a multiple of 14?
True
Is 38 a factor of 101007?
False
Is 57166 a multiple of 46?
False
Is 4 a factor of 84?
True
Does 87 divide 3567?
True
Does 6 divide 534?
True
Does 13 divide 23582?
True
Does 5 divide 560?
True
Does 13 divide 7282?
False
Does 10 divide 10?
True
Is 13 a factor of 1027?
True
Does 8 divide 2055?
False
Does 42 divide 924?
True
Does 29 divide 2523?
True
Is 366 a multiple of 61?
True
Is 1568 a multiple of 24?
False
Is 59760 a multiple of 166?
True
Does 20 divide 25443?
False
Is 37496 a multiple of 218?
True
Is 17 a factor of 1088?
True
Does 76 divide 46132?
True
Is 5998 a multiple of 33?
False
Is 3092 a multiple of 13?
False
Is 74 a factor of 5807?
False
Is 1830 a multiple of 6?
True
Is 44 a multiple of 4?
True
Is 2930 a multiple of 14?
False
Is 21285 a multiple of 41?
False
Is 2829 a multiple of 15?
False
Is 11 a factor of 131099?
False
Is 8 a factor of 2360?
True
Is 22 a factor of 110?
True
Does 95 divide 20615?
True
Is 5363 a multiple of 148?
False
Is 14 a factor of 406?
True
Is 23 a factor of 3005?
False
Is 346 a multiple of 173?
True
Is 2858 a multiple of 10?
False
Is 79 a factor of 869?
True
Is 107 a factor of 5045?
False
Is 1824 a multiple of 114?
True
Is 8 a factor of 11043?
False
Does 10 divide 5420?
True
Is 1388 a multiple of 37?
False
Does 48 divide 10512?
True
Is 1107 a multiple of 123?
True
Does 9 divide 5578?
False
Does 9 divide 672?
False
Is 12220 a multiple of 13?
True
Is 95 a factor of 2850?
True
Does 9 divide 1834?
False
Is 257 a factor of 46887?
False
Does 195 divide 32370?
True
Is 160 a factor of 71200?
True
Does 42 divide 4483?
False
Is 84 a factor of 1764?
True
Does 9 divide 9369?
True
Does 60 divide 11160?
True
Is 14 a factor of 1008?
True
Does 2 divide 326?
True
Is 8 a factor of 11108?
False
Is 7 a factor of 1925?
True
Is 700 a multiple of 50?
True
Does 14 divide 77?
False
Is 62 a factor of 10602?
True
Does 19 divide 95?
True
Is 816 a multiple of 34?
True
Is 17 a factor of 493?
True
Is 21506 a multiple of 19?
False
Is 3 a factor of 348?
True
Does 33 divide 4282?
False
Does 14 divide 952?
True
Is 24 a factor of 120?
True
Does 147 divide 13969?
False
Is 480 a multiple of 24?
True
Is 14177 a multiple of 165?
False
Is 38103 a multiple of 206?
False
Does 12 divide 265?
False
Is 10 a factor of 1251?
False
Is 30 a factor of 1350?
True
Is 18268 a multiple of 142?
False
Does 6 divide 37494?
True
Does 20 divide 14520?
True
Is 79 a factor of 2844?
True
Is 15 a factor of 1871?
False
Does 3 divide 104?
False
Is 3318 a multiple of 10?
False
Is 59 a factor of 6372?
True
Is 7452 a multiple of 92?
True
Is 9 a factor of 6162?
False
Is 11 a factor of 550?
True
Does 2 divide 759?
False
Is 119 a multiple of 7?
True
Is 1164 a multiple of 25?
False
Is 13 a factor of 353?
False
Is 4 a factor of 1472?
True
Does 36 divide 1485?
False
Does 10 divide 36650?
True
Does 31 divide 2809?
False
Is 3490 a multiple of 30?
False
Is 80 a factor of 800?
True
Is 51 a factor of 220?
False
Is 9 a factor of 3591?
True
Does 24 divide 3216?
True
Is 5437 a multiple of 25?
False
Is 52 a factor of 3608?
False
Is 3685 a multiple of 151?
False
Does 29 divide 1218?
True
Is 12237 a multiple of 74?
False
Does 205 divide 107404?
False
Does 11 divide 2357?
False
Is 17 a factor of 3266?
False
Is 4172 a multiple of 28?
True
Is 8232 a multiple of 158?
False
Is 21 a factor of 1779?
False
Is 161 a multiple of 7?
True
Is 198 a factor of 95120?
False
Is 18252 a multiple of 45?
False
Does 74 divide 2801?
False
Is 14 a factor of 905?
False
Is 553 a multiple of 5?
False
Is 26 a factor of 907?
False
Does 54 divide 1274?
False
Is 2839 a multiple of 121?
False
Is 96393 a multiple of 74?
False
Is 21906 a multiple of 14?
False
Does 52 divide 624?
True
Does 4 divide 4366?
False
Is 11393 a multiple of 62?
False
Is 9 a factor of 1800?
True
Is 564 a multiple of 4?
True
Is 1556 a multiple of 64?
False
Does 24 divide 1301?
False
Is 49 a factor of 5684?
True
Is 75305 a multiple of 34?
False
Is 4867 a multiple of 18?
False
Is 125 a factor of 8745?
False
Is 19 a factor of 684?
True
Is 13500 a multiple of 75?
True
Is 2952 a multiple of 120?
False
Is 14 a factor of 18624?
False
Is 21 a factor of 21?
True
Does 82 divide 1148?
True
Does 74 divide 40908?
False
Is 23616 a multiple of 36?
True
Is 44 a multiple of 4?
True
Is 2346 a m